{"id":520,"date":"2023-01-11T14:07:33","date_gmt":"2023-01-11T13:07:33","guid":{"rendered":"http:\/\/sviluppo2.inspiresc.it\/?page_id=520"},"modified":"2023-03-08T15:45:42","modified_gmt":"2023-03-08T14:45:42","slug":"richiesta-iscrizione-socio","status":"publish","type":"page","link":"https:\/\/sviluppo2.inspiresc.it\/index.php\/richiesta-iscrizione-socio\/","title":{"rendered":"Iscrizione socio ACdV"},"content":{"rendered":"<h1>Richiesta iscrizione socio ACdV<\/h1>\n<div>\n<p>Per iscriversi alla nostra associazione \u00e8 necessario prendere visione dello Statuto, del Regolamento e dell&#8217;informativa sulla Privacy, inviarci la domanda di iscrizione compilata e corredata della propria carta d&#8217;identit\u00e0 e dell&#8217;accettazione del nostro Regolamento (firmando la pagina del documento). Una volta accettata la domanda l&#8217;iscrizione da parte dell&#8217;associazione, il socio perfezioner\u00e0 la sua iscrizione con il versamento della quota associativa annuale.<\/p>\n<p><strong>LA QUOTA DI ISCRIZIONE SOCIO PER L&#8217;ANNO IN CORSO \u00c8 DI \u20ac 30,00.<\/strong><\/p>\n<p>Istruzioni per la compilazione della domanda di iscrizione:<\/p>\n<ol>\n<li>Compila tutti i campi obbligatori (quelli con l&#8217;asterisco) del modulo sottostante.<\/li>\n<li>Allega una copia in formato pdf della tua carta di identit\u00e0 non scaduta (fronte\/retro),<\/li>\n<li>Allega la pagina in formato pdf del nostro Regolamento, datata e firmata, che puoi trovare \u201dCliccando qui\u201d<\/li>\n<li>Conferma di aver preso visione dell&#8217;informativa sulla Privacy e inviaci il modulo cliccando su invio.<\/li>\n<\/ol>\n<p>La tua domanda di iscrizione sar\u00e0 sottoposta all&#8217;approvazione del Consiglio direttivo (come previsto dal nostro Statuto). La nostra segreteria organizzativa ti comunicher\u00e0 l&#8217;esito della tua domanda entro 40 giorni dalla sua data di presentazione e, nel caso, ti indicher\u00e0 le modalit\u00e0 di pagamento della tua quota associativa annuale per perfezionare l&#8217;iscrizione.<span class=\"mce-shim\"><\/span><span class=\"wpview-end\"><\/span><\/p>\n<\/div>\n<div>\n\n<div class=\"wpcf7 no-js\" id=\"wpcf7-f525-o1\" lang=\"it-IT\" dir=\"ltr\" data-wpcf7-id=\"525\">\n<div class=\"screen-reader-response\"><p role=\"status\" aria-live=\"polite\" aria-atomic=\"true\"><\/p> <ul><\/ul><\/div>\n<form action=\"\/index.php\/wp-json\/wp\/v2\/pages\/520#wpcf7-f525-o1\" method=\"post\" class=\"wpcf7-form init\" aria-label=\"Modulo di contatto\" novalidate=\"novalidate\" data-status=\"init\">\n<div style=\"display: none;\">\n<input type=\"hidden\" name=\"_wpcf7\" value=\"525\" \/>\n<input type=\"hidden\" name=\"_wpcf7_version\" value=\"6.0\" \/>\n<input type=\"hidden\" name=\"_wpcf7_locale\" value=\"it_IT\" \/>\n<input type=\"hidden\" name=\"_wpcf7_unit_tag\" value=\"wpcf7-f525-o1\" \/>\n<input type=\"hidden\" name=\"_wpcf7_container_post\" value=\"0\" \/>\n<input type=\"hidden\" name=\"_wpcf7_posted_data_hash\" value=\"\" \/>\n<\/div>\n<p><label> Titolo<br \/>\n<span class=\"wpcf7-form-control-wrap\" data-name=\"menu-791\"><select class=\"wpcf7-form-control wpcf7-select wpcf7-validates-as-required\" aria-required=\"true\" aria-invalid=\"false\" name=\"menu-791\"><option value=\"Sig.\">Sig.<\/option><option value=\"Sig.ra\">Sig.ra<\/option><option value=\"Sig.na\">Sig.na<\/option><\/select><\/span> <\/label>\n<\/p>\n<p><label> Nome e cognome*<br \/>\n<span class=\"wpcf7-form-control-wrap\" data-name=\"your-name\"><input size=\"40\" maxlength=\"400\" class=\"wpcf7-form-control wpcf7-text wpcf7-validates-as-required\" autocomplete=\"name\" aria-required=\"true\" aria-invalid=\"false\" value=\"\" type=\"text\" name=\"your-name\" \/><\/span> <\/label>\n<\/p>\n<p><label> Codice fiscale*<br \/>\n<span class=\"wpcf7-form-control-wrap\" data-name=\"your-cf\"><input size=\"40\" maxlength=\"400\" class=\"wpcf7-form-control wpcf7-text wpcf7-validates-as-required\" aria-required=\"true\" aria-invalid=\"false\" value=\"\" type=\"text\" name=\"your-cf\" \/><\/span> <\/label>\n<\/p>\n<p><label> Data di nascita*<br \/>\n<span class=\"wpcf7-form-control-wrap\" data-name=\"date-806\"><input class=\"wpcf7-form-control wpcf7-date wpcf7-validates-as-required wpcf7-validates-as-date\" aria-required=\"true\" aria-invalid=\"false\" value=\"\" type=\"date\" name=\"date-806\" \/><\/span><\/label>\n<\/p>\n<p><label> Telefono*<br \/>\n<span class=\"wpcf7-form-control-wrap\" data-name=\"tel-796\"><input size=\"40\" maxlength=\"400\" class=\"wpcf7-form-control wpcf7-tel wpcf7-validates-as-required wpcf7-text wpcf7-validates-as-tel\" aria-required=\"true\" aria-invalid=\"false\" value=\"+39\" type=\"tel\" name=\"tel-796\" \/><\/span><\/label>\n<\/p>\n<p><label> La tua email*<br \/>\n<span class=\"wpcf7-form-control-wrap\" data-name=\"your-email\"><input size=\"40\" maxlength=\"400\" class=\"wpcf7-form-control wpcf7-email wpcf7-validates-as-required wpcf7-text wpcf7-validates-as-email\" autocomplete=\"email\" aria-required=\"true\" aria-invalid=\"false\" value=\"\" type=\"email\" name=\"your-email\" \/><\/span> <\/label>\n<\/p>\n<p><label> Indirizzo - Citt\u00e0*<br \/>\n<span class=\"wpcf7-form-control-wrap\" data-name=\"text-263\"><input size=\"40\" maxlength=\"400\" class=\"wpcf7-form-control wpcf7-text wpcf7-validates-as-required\" aria-required=\"true\" aria-invalid=\"false\" value=\"\" type=\"text\" name=\"text-263\" \/><\/span> <\/label>\n<\/p>\n<p><label> Provincia*<br \/>\n<span class=\"wpcf7-form-control-wrap\" data-name=\"text-264\"><input size=\"40\" maxlength=\"400\" class=\"wpcf7-form-control wpcf7-text wpcf7-validates-as-required\" aria-required=\"true\" aria-invalid=\"false\" value=\"\" type=\"text\" name=\"text-264\" \/><\/span> <\/label>\n<\/p>\n<p><label> Informazioni aggiuntive (facoltativo)<br \/>\n<span class=\"wpcf7-form-control-wrap\" data-name=\"your-message\"><textarea cols=\"40\" rows=\"10\" maxlength=\"2000\" class=\"wpcf7-form-control wpcf7-textarea\" aria-invalid=\"false\" name=\"your-message\"><\/textarea><\/span> <\/label>\n<\/p>\n<p><span class=\"wpcf7-form-control-wrap\" data-name=\"acceptance-596\"><span class=\"wpcf7-form-control wpcf7-acceptance\"><span class=\"wpcf7-list-item\"><input type=\"checkbox\" name=\"acceptance-596\" value=\"1\" aria-invalid=\"false\" \/><\/span><\/span><\/span> Chiedo di iscrivermi all\u2019Associazione Controllo del Vicinato in qualit\u00e0 di socio\/a ordinario\/a, dichiarando di accettare quanto previsto dallo Statuto, dal Regolamento e dalle deliberazioni degli organi sociali.\n<\/p>\n<p><span class=\"wpcf7-form-control-wrap\" data-name=\"acceptance-597\"><span class=\"wpcf7-form-control wpcf7-acceptance\"><span class=\"wpcf7-list-item\"><input type=\"checkbox\" name=\"acceptance-597\" value=\"1\" aria-invalid=\"false\" \/><\/span><\/span><\/span><a href=\"https:\/\/my.yesnology.com\/welcomenoinvitation\/ec4b528a-67ee-41ac-8faa-eb9fa9a8aba6\"> Clicca QUI<\/a> per prendere visione della documentazione relativa al tuo ruolo di Associato e prestare i tuoi consensi in merito alla tua privacy.\n<\/p>\n<p><input class=\"wpcf7-form-control wpcf7-submit has-spinner\" type=\"submit\" value=\"Invia\" \/>\n<\/p><div class=\"wpcf7-response-output\" aria-hidden=\"true\"><\/div>\n<\/form>\n<\/div>\n\n<\/div>\n<div>\n<div>Contact<\/div>\n<p><a href=\"\/index.php\/contatti\/\"><\/a><\/p>\n<\/div>\n<div>\n<p><strong>SEDE<\/strong><\/p>\n<p>Associazione Controllo del Vicinato<br \/>Via San Giuseppe, 31 <br \/>21047 Saronno (Va)<br \/>C.F. 94027680126<\/p>\n<p><span><a href=\"mailto:segreteria.organizzativa@acdv.it\">segreteria.organizzativa@acdv.it<\/a><br \/><\/span><a href=\"mailto:acdv@pec.acdv.it\">acdv@pec.acdv.it<\/a><\/p>\n<\/div>\n<ul>\n<li><a href=\"https:\/\/www.facebook.com\/acdv.it\/\">facebook<\/a>\n<\/li>\n<\/ul>\n<div>\n<p><strong>ISCRIVITI ALLA NEWLETTER<\/strong><\/p>\n<\/div>\n<div>\n<form name=\"invio_dati\" action=\"URL_personalizzata\" method=\"post\">\n<p><input name=\"nome\" placeholder=\"Nome\"><\/p>\n<p><input name=\"mail\" placeholder=\"Email\"><\/p>\n<\/p>\n<p>\n<input name=\"invia\" type=\"submit\"><\/p>\n<\/form>\n<\/div>\n<p><!--more--><br \/>\n<!-- {\"name\":\"pagina modello\",\"type\":\"layout\",\"children\":[{\"type\":\"section\",\"props\":{\"image\":\"\",\"image_position\":\"center-center\",\"style\":\"default\",\"title_breakpoint\":\"xl\",\"title_position\":\"top-left\",\"title_rotation\":\"left\",\"vertical_align\":\"middle\",\"width\":\"default\"},\"children\":[{\"type\":\"row\",\"children\":[{\"type\":\"column\",\"props\":{\"image_position\":\"center-center\",\"media_overlay_gradient\":\"\",\"position_sticky_breakpoint\":\"m\",\"width_medium\":\"\"},\"children\":[{\"type\":\"headline\",\"props\":{\"content\":\"Richiesta iscrizione socio ACdV\",\"text_align\":\"center\",\"title_element\":\"h1\",\"title_style\":\"h1\"}},{\"type\":\"text\",\"props\":{\"column_breakpoint\":\"m\",\"content\":\"\n\n<p>Per iscriversi alla nostra associazione \\u00e8 necessario prendere visione dello Statuto, del Regolamento e dell'informativa sulla Privacy, inviarci la domanda di iscrizione compilata e corredata della propria carta d'identit\\u00e0 e dell'accettazione del nostro Regolamento (firmando la pagina del documento). Una volta accettata la domanda l'iscrizione da parte dell'associazione, il socio perfezioner\\u00e0 la sua iscrizione con il versamento della quota associativa annuale.<\\\/p>\\n\n\n<p><strong>LA QUOTA DI ISCRIZIONE SOCIO PER L'ANNO IN CORSO \\u00c8 DI \\u20ac 30,00.<\\\/strong><\\\/p>\\n\n\n<p>Istruzioni per la compilazione della domanda di iscrizione:<\\\/p>\\n\n\n<ol>\\n\n\n<li>Compila tutti i campi obbligatori (quelli con l'asterisco) del modulo sottostante.<\\\/li>\\n\n\n<li>Allega una copia in formato pdf della tua carta di identit\\u00e0 non scaduta (fronte\\\/retro),<\\\/li>\\n\n\n<li>Allega la pagina in formato pdf del nostro Regolamento, datata e firmata, che puoi trovare \\u201dCliccando qui\\u201d<\\\/li>\\n\n\n<li>Conferma di aver preso visione dell'informativa sulla Privacy e inviaci il modulo cliccando su invio.<\\\/li>\\n<\\\/ol>\\n\n\n<p>La tua domanda di iscrizione sar\\u00e0 sottoposta all'approvazione del Consiglio direttivo (come previsto dal nostro Statuto). La nostra segreteria organizzativa ti comunicher\\u00e0 l'esito della tua domanda entro 40 giorni dalla sua data di presentazione e, nel caso, ti indicher\\u00e0 le modalit\\u00e0 di pagamento della tua quota associativa annuale per perfezionare l'iscrizione.<span class=\\\"mce-shim\\\"><\\\/span><span class=\\\"wpview-end\\\"><\\\/span><\\\/p>\",\"margin\":\"default\"}}]}]},{\"type\":\"row\",\"children\":[{\"type\":\"column\",\"props\":{\"image_position\":\"center-center\",\"media_overlay_gradient\":\"\",\"position_sticky_breakpoint\":\"m\"},\"children\":[{\"type\":\"text\",\"props\":{\"column_breakpoint\":\"m\",\"content\":\"\n\n<p>[contact-form-7 id=\\\"525\\\" title=\\\"Modulo di iscrizione all'Associazione Controllo del Vicinato\\\"]<\\\/p>\",\"margin\":\"default\"}}]}]}]},{\"name\":\"FOOTER OK\",\"type\":\"section\",\"props\":{\"animation\":\"slide-top-small\",\"image_position\":\"center-center\",\"image_size\":\"cover\",\"padding\":\"large\",\"padding_remove_bottom\":false,\"preserve_color\":false,\"style\":\"secondary\",\"title_breakpoint\":\"xl\",\"title_position\":\"top-left\",\"title_rotation\":\"left\",\"vertical_align\":\"middle\",\"width\":\"expand\"},\"children\":[{\"name\":\"\",\"type\":\"row\",\"children\":[{\"name\":\"\",\"type\":\"column\",\"props\":{\"image_position\":\"center-center\",\"media_overlay_gradient\":\"\",\"position_sticky_breakpoint\":\"m\",\"vertical_align\":\"middle\",\"width_medium\":\"1-3\"},\"children\":[{\"type\":\"panel\",\"props\":{\"block_align\":\"center\",\"class\":\"uk-border-circle uk-flex-middle uk-flex-center\",\"content\":\"\",\"content_column_breakpoint\":\"m\",\"css\":\".el-element {\\n    display: flex !important;\\n    width: 200px;\\n    min-height: 200px;\\n}\\n\\n@media (min-width: 1200px) {\\n    .el-element {\\n        width: 250px;\\n        min-height: 250px;\\n    }\\n} \",\"icon_width\":80,\"image_align\":\"top\",\"image_grid_breakpoint\":\"m\",\"image_grid_width\":\"1-2\",\"image_svg_color\":\"emphasis\",\"link\":\"index.php\\\/contatti\\\/\",\"link_style\":\"\",\"link_text\":\"\",\"margin\":\"xlarge\",\"margin_remove_bottom\":true,\"margin_remove_top\":false,\"maxwidth\":\"large\",\"maxwidth_breakpoint\":\"s\",\"meta\":\"\",\"meta_align\":\"above-title\",\"meta_element\":\"div\",\"meta_style\":\"\",\"panel_link\":true,\"panel_padding\":\"\",\"panel_style\":\"card-secondary\",\"position_bottom\":\"-2vh\",\"text_align\":\"center\",\"title\":\"Contact\",\"title_align\":\"top\",\"title_color\":\"warning\",\"title_element\":\"div\",\"title_grid_breakpoint\":\"m\",\"title_grid_width\":\"1-2\",\"title_hover_style\":\"reset\",\"title_margin\":\"remove\",\"title_style\":\"h3\"},\"modified\":\"2021-10-12T17:05:31.142Z\",\"name\":\"\"}]},{\"type\":\"column\",\"props\":{\"class\":\"\",\"image_position\":\"center-center\",\"media_overlay_gradient\":\"\",\"position_sticky_breakpoint\":\"m\",\"width_medium\":\"1-3\"},\"children\":[{\"name\":\"\",\"type\":\"text\",\"props\":{\"block_align\":\"center\",\"column_breakpoint\":\"m\",\"content\":\"\n\n<p><strong>SEDE<\\\/strong><\\\/p>\\n\n\n<p>Associazione Controllo del Vicinato<br \\\/>Via San Giuseppe, 31 <br \\\/>21047 Saronno (Va)<br \\\/>C.F. 94027680126<\\\/p>\\n\n\n<p><span><a href=\\\"mailto:segreteria.organizzativa@acdv.it\\\">segreteria.organizzativa@acdv.it<\\\/a><br \\\/><\\\/span><a href=\\\"mailto:acdv@pec.acdv.it\\\">acdv@pec.acdv.it<\\\/a><\\\/p>\",\"margin\":\"large\",\"margin_remove_bottom\":false,\"maxwidth\":\"xlarge\",\"text_align\":\"left\",\"text_align_breakpoint\":\"m\",\"text_align_fallback\":\"center\",\"text_color\":\"emphasis\"}},{\"type\":\"social\",\"props\":{\"grid\":\"vertical\",\"grid_gap\":\"small\",\"grid_vertical_breakpoint\":\"m\",\"icon_width\":\"\",\"image_loading\":false,\"link_style\":\"button\",\"link_target\":true,\"margin\":\"default\",\"text_align\":\"left\",\"text_align_breakpoint\":\"m\",\"text_align_fallback\":\"center\",\"visibility\":\"m\"},\"children\":[{\"type\":\"social_item\",\"props\":{\"link\":\"https:\\\/\\\/www.facebook.com\\\/acdv.it\\\/\"}}]}]},{\"type\":\"column\",\"props\":{\"image_position\":\"center-center\",\"media_overlay_gradient\":\"\",\"position_sticky_breakpoint\":\"m\",\"width_medium\":\"1-3\"},\"children\":[{\"name\":\"\",\"type\":\"text\",\"props\":{\"block_align\":\"center\",\"column_breakpoint\":\"m\",\"content\":\"\n\n<p><strong>ISCRIVITI ALLA NEWLETTER<\\\/strong><\\\/p>\",\"margin\":\"large\",\"margin_remove_bottom\":false,\"maxwidth\":\"xlarge\",\"text_align\":\"left\",\"text_align_breakpoint\":\"m\",\"text_align_fallback\":\"center\",\"text_color\":\"emphasis\"}},{\"type\":\"html\",\"props\":{\"content\":\"\n\n<form name=\\\"invio_dati\\\" action=\\\"URL_personalizzata\\\" method=\\\"post\\\">\\n\n\n<p><input name=\\\"nome\\\" placeholder=\\\"Nome\\\"><\\\/p>\\n\n\n<p><input name=\\\"mail\\\" placeholder=\\\"Email\\\"><\\\/p>\\n\n\n<p>\\n\\n<\\\/p>\\n\n\n<p>\\n<input name=\\\"invia\\\" type=\\\"submit\\\"><\\\/p>\\n<\\\/form>\"}}]}],\"props\":{\"layout\":\"1-3,1-3,1-3\",\"margin_remove_bottom\":true}}]}],\"version\":\"3.0.21\"} --><\/p>\n","protected":false},"excerpt":{"rendered":"<p>Richiesta iscrizione socio ACdV Per iscriversi alla nostra associazione \u00e8 necessario prendere visione dello Statuto, del Regolamento e dell&#8217;informativa sulla Privacy, inviarci la domanda di iscrizione compilata e corredata della propria carta d&#8217;identit\u00e0 e dell&#8217;accettazione del nostro Regolamento (firmando la pagina del documento). Una volta accettata la domanda l&#8217;iscrizione da parte dell&#8217;associazione, il socio perfezioner\u00e0 [&hellip;]<\/p>\n","protected":false},"author":1,"featured_media":0,"parent":0,"menu_order":0,"comment_status":"closed","ping_status":"closed","template":"","meta":{"footnotes":""},"class_list":["post-520","page","type-page","status-publish","hentry"],"_links":{"self":[{"href":"https:\/\/sviluppo2.inspiresc.it\/index.php\/wp-json\/wp\/v2\/pages\/520","targetHints":{"allow":["GET"]}}],"collection":[{"href":"https:\/\/sviluppo2.inspiresc.it\/index.php\/wp-json\/wp\/v2\/pages"}],"about":[{"href":"https:\/\/sviluppo2.inspiresc.it\/index.php\/wp-json\/wp\/v2\/types\/page"}],"author":[{"embeddable":true,"href":"https:\/\/sviluppo2.inspiresc.it\/index.php\/wp-json\/wp\/v2\/users\/1"}],"replies":[{"embeddable":true,"href":"https:\/\/sviluppo2.inspiresc.it\/index.php\/wp-json\/wp\/v2\/comments?post=520"}],"version-history":[{"count":10,"href":"https:\/\/sviluppo2.inspiresc.it\/index.php\/wp-json\/wp\/v2\/pages\/520\/revisions"}],"predecessor-version":[{"id":767,"href":"https:\/\/sviluppo2.inspiresc.it\/index.php\/wp-json\/wp\/v2\/pages\/520\/revisions\/767"}],"wp:attachment":[{"href":"https:\/\/sviluppo2.inspiresc.it\/index.php\/wp-json\/wp\/v2\/media?parent=520"}],"curies":[{"name":"wp","href":"https:\/\/api.w.org\/{rel}","templated":true}]}}